{"id":47852,"date":"2023-09-06T13:26:54","date_gmt":"2023-09-06T11:26:54","guid":{"rendered":"https:\/\/shivaplus.com\/?post_type=product&#038;p=47852"},"modified":"2023-09-06T13:26:54","modified_gmt":"2023-09-06T11:26:54","slug":"machine-a-laver-a-chargement-frontal-lavage-uniquement-7-kg-blanc-moteur-a-entrainement-direct-inverter-6-motion-dd-diagnostic-intelligent","status":"publish","type":"product","link":"https:\/\/shivaplus.com\/index.php\/produit\/machine-a-laver-a-chargement-frontal-lavage-uniquement-7-kg-blanc-moteur-a-entrainement-direct-inverter-6-motion-dd-diagnostic-intelligent\/","title":{"rendered":"Machine \u00e0 laver \u00e0 chargement frontal (lavage uniquement) 7 kg, blanc, moteur \u00e0 entra\u00eenement direct Inverter, 6 Motion DD, diagnostic intelligent"},"content":{"rendered":"<ul class=\"feature-list\">\n<li>6Motion DD<\/li>\n<li>Diagnostic\u2122 intelligent<\/li>\n<\/ul>\n","protected":false},"excerpt":{"rendered":"<p>6Motion DD Diagnostic\u2122 intelligent<\/p>\n","protected":false},"featured_media":47853,"comment_status":"open","ping_status":"closed","template":"","meta":[],"product_cat":[155],"product_tag":[],"_links":{"self":[{"href":"https:\/\/shivaplus.com\/index.php\/wp-json\/wp\/v2\/product\/47852"}],"collection":[{"href":"https:\/\/shivaplus.com\/index.php\/wp-json\/wp\/v2\/product"}],"about":[{"href":"https:\/\/shivaplus.com\/index.php\/wp-json\/wp\/v2\/types\/product"}],"replies":[{"embeddable":true,"href":"https:\/\/shivaplus.com\/index.php\/wp-json\/wp\/v2\/comments?post=47852"}],"version-history":[{"count":1,"href":"https:\/\/shivaplus.com\/index.php\/wp-json\/wp\/v2\/product\/47852\/revisions"}],"predecessor-version":[{"id":47856,"href":"https:\/\/shivaplus.com\/index.php\/wp-json\/wp\/v2\/product\/47852\/revisions\/47856"}],"wp:featuredmedia":[{"embeddable":true,"href":"https:\/\/shivaplus.com\/index.php\/wp-json\/wp\/v2\/media\/47853"}],"wp:attachment":[{"href":"https:\/\/shivaplus.com\/index.php\/wp-json\/wp\/v2\/media?parent=47852"}],"wp:term":[{"taxonomy":"product_cat","embeddable":true,"href":"https:\/\/shivaplus.com\/index.php\/wp-json\/wp\/v2\/product_cat?post=47852"},{"taxonomy":"product_tag","embeddable":true,"href":"https:\/\/shivaplus.com\/index.php\/wp-json\/wp\/v2\/product_tag?post=47852"}],"curies":[{"name":"wp","href":"https:\/\/api.w.org\/{rel}","templated":true}]}}