{"id":47823,"date":"2023-09-05T15:14:09","date_gmt":"2023-09-05T13:14:09","guid":{"rendered":"https:\/\/shivaplus.com\/?post_type=product&#038;p=47823"},"modified":"2023-09-05T15:14:09","modified_gmt":"2023-09-05T13:14:09","slug":"refrigerateur-lg-gn-a782hlhu-numerique-546l-double-porte-no-frost-gris","status":"publish","type":"product","link":"https:\/\/shivaplus.com\/index.php\/produit\/refrigerateur-lg-gn-a782hlhu-numerique-546l-double-porte-no-frost-gris\/","title":{"rendered":"R\u00e9frig\u00e9rateur LG &#8211; GN-A782HLHU &#8211; Num\u00e9rique &#8211; 546L &#8211; Double porte &#8211; No frost &#8211; Gris"},"content":{"rendered":"<ul>\n<li><span data-sheets-value=\"{\" data-sheets-userformat=\"{\" data-sheets-textstyleruns=\"{\"><strong>Type de produit :<\/strong>R\u00e9frig\u00e9rateur<br \/>\n<\/span><\/li>\n<li><span data-sheets-value=\"{\" data-sheets-userformat=\"{\" data-sheets-textstyleruns=\"{\"><strong>Marque :<\/strong>\u00a0LG<br \/>\n<\/span><\/li>\n<li><span data-sheets-value=\"{\" data-sheets-userformat=\"{\" data-sheets-textstyleruns=\"{\"><strong>Mod\u00e8le :<\/strong>\u00a0GN-A782HLHU<br \/>\n<\/span><\/li>\n<li><span data-sheets-value=\"{\" data-sheets-userformat=\"{\" data-sheets-textstyleruns=\"{\"><strong>Capacit\u00e9 :<\/strong>\u00a0546 litres<br \/>\n<\/span><\/li>\n<li><span data-sheets-value=\"{\" data-sheets-userformat=\"{\" data-sheets-textstyleruns=\"{\"><strong>Lampe:<\/strong>\u00a0LED arri\u00e8re<br \/>\n<\/span><\/li>\n<li><span data-sheets-value=\"{\" data-sheets-userformat=\"{\" data-sheets-textstyleruns=\"{\">Cat\u00e9gorie :<br \/>\n<\/span><\/li>\n<li><span data-sheets-value=\"{\" data-sheets-userformat=\"{\" data-sheets-textstyleruns=\"{\"><strong>Syst\u00e8me de refroidissement :<\/strong>\u00a0No Frost<br \/>\n<\/span><\/li>\n<li><span data-sheets-value=\"{\" data-sheets-userformat=\"{\" data-sheets-textstyleruns=\"{\">Puissance sonore (dB): 40dB (A) \u2193<br \/>\n<\/span><\/li>\n<li><span data-sheets-value=\"{\" data-sheets-userformat=\"{\" data-sheets-textstyleruns=\"{\"><strong>R\u00e9frig\u00e9rant :<\/strong>\u00a0R600a- acces facile et jusqu&rsquo;a 41 % de Pertes d&rsquo;air froid en moins<br \/>\n<\/span><\/li>\n<li><span data-sheets-value=\"{\" data-sheets-userformat=\"{\" data-sheets-textstyleruns=\"{\">Porte dans la Portes\u2122<br \/>\n<\/span><\/li>\n<li><span data-sheets-value=\"{\" data-sheets-userformat=\"{\" data-sheets-textstyleruns=\"{\">Compresseur Inverter Intelligent<br \/>\n<\/span><\/li>\n<li><span data-sheets-value=\"{\" data-sheets-userformat=\"{\" data-sheets-textstyleruns=\"{\">Hygiene Fresh+\u2122<\/span><\/li>\n<li><span data-sheets-value=\"{\" data-sheets-userformat=\"{\" data-sheets-textstyleruns=\"{\"><strong>Compresseur\u00a0<\/strong>: Inverseur lin\u00e9aire<br \/>\n<\/span><\/li>\n<li><span data-sheets-value=\"{\" data-sheets-userformat=\"{\" data-sheets-textstyleruns=\"{\"><strong>Classe climatique\u00a0<\/strong>: T<br \/>\n<\/span><\/li>\n<li><span data-sheets-value=\"{\" data-sheets-userformat=\"{\" data-sheets-textstyleruns=\"{\">Dur\u00e9e de stockage en cas de dysfonctionnements (h): 15 h<br \/>\n<\/span><\/li>\n<li><span data-sheets-value=\"{\" data-sheets-userformat=\"{\" data-sheets-textstyleruns=\"{\">Flux d\u2019air multiple<br \/>\n<\/span><\/li>\n<li><span data-sheets-value=\"{\" data-sheets-userformat=\"{\" data-sheets-textstyleruns=\"{\">Zone 0 fra\u00eeche<br \/>\n<\/span><\/li>\n<li><span data-sheets-value=\"{\" data-sheets-userformat=\"{\" data-sheets-textstyleruns=\"{\"><strong>Garantie :<\/strong>\u00a006 mois<\/span><\/li>\n<\/ul>\n","protected":false},"excerpt":{"rendered":"<p>Type de produit :R\u00e9frig\u00e9rateur Marque :\u00a0LG Mod\u00e8le :\u00a0GN-A782HLHU Capacit\u00e9 :\u00a0546 litres Lampe:\u00a0LED arri\u00e8re Cat\u00e9gorie : Syst\u00e8me de refroidissement :\u00a0No Frost Puissance sonore (dB): 40dB (A) \u2193 R\u00e9frig\u00e9rant :\u00a0R600a- acces facile et jusqu&rsquo;a 41 % de Pertes d&rsquo;air froid en moins Porte dans la Portes\u2122 Compresseur Inverter Intelligent Hygiene Fresh+\u2122 Compresseur\u00a0: Inverseur lin\u00e9aire Classe climatique\u00a0: T [&hellip;]<\/p>\n","protected":false},"featured_media":47824,"comment_status":"open","ping_status":"closed","template":"","meta":[],"product_cat":[149],"product_tag":[],"_links":{"self":[{"href":"https:\/\/shivaplus.com\/index.php\/wp-json\/wp\/v2\/product\/47823"}],"collection":[{"href":"https:\/\/shivaplus.com\/index.php\/wp-json\/wp\/v2\/product"}],"about":[{"href":"https:\/\/shivaplus.com\/index.php\/wp-json\/wp\/v2\/types\/product"}],"replies":[{"embeddable":true,"href":"https:\/\/shivaplus.com\/index.php\/wp-json\/wp\/v2\/comments?post=47823"}],"version-history":[{"count":2,"href":"https:\/\/shivaplus.com\/index.php\/wp-json\/wp\/v2\/product\/47823\/revisions"}],"predecessor-version":[{"id":47828,"href":"https:\/\/shivaplus.com\/index.php\/wp-json\/wp\/v2\/product\/47823\/revisions\/47828"}],"wp:featuredmedia":[{"embeddable":true,"href":"https:\/\/shivaplus.com\/index.php\/wp-json\/wp\/v2\/media\/47824"}],"wp:attachment":[{"href":"https:\/\/shivaplus.com\/index.php\/wp-json\/wp\/v2\/media?parent=47823"}],"wp:term":[{"taxonomy":"product_cat","embeddable":true,"href":"https:\/\/shivaplus.com\/index.php\/wp-json\/wp\/v2\/product_cat?post=47823"},{"taxonomy":"product_tag","embeddable":true,"href":"https:\/\/shivaplus.com\/index.php\/wp-json\/wp\/v2\/product_tag?post=47823"}],"curies":[{"name":"wp","href":"https:\/\/api.w.org\/{rel}","templated":true}]}}