{"id":47754,"date":"2023-09-05T12:01:12","date_gmt":"2023-09-05T10:01:12","guid":{"rendered":"https:\/\/shivaplus.com\/?post_type=product&#038;p=47754"},"modified":"2023-11-01T14:18:01","modified_gmt":"2023-11-01T13:18:01","slug":"92l-refrigerateur-1-porte-refroidissement-direct-stabilisateur-basse-tension-110v-290v-compartiment-congelateur-deux-etageres-metalliques","status":"publish","type":"product","link":"https:\/\/shivaplus.com\/index.php\/produit\/92l-refrigerateur-1-porte-refroidissement-direct-stabilisateur-basse-tension-110v-290v-compartiment-congelateur-deux-etageres-metalliques\/","title":{"rendered":"LG, 92L, r\u00e9frig\u00e9rateur 1 porte, refroidissement direct, stabilisateur basse tension (110V &#8211; 290V), compartiment cong\u00e9lateur, deux \u00e9tag\u00e8res m\u00e9talliques"},"content":{"rendered":"<ul class=\"feature-list\">\n<li>Poign\u00e9e horizontale facile au niveau du comptoir<\/li>\n<li>Key Lock, Garder le stockage en toute s\u00e9curit\u00e9<\/li>\n<li>R\u00e9frig\u00e9rateur de contr\u00f4le avec Micom<\/li>\n<\/ul>\n","protected":false},"excerpt":{"rendered":"<p>Poign\u00e9e horizontale facile au niveau du comptoir Key Lock, Garder le stockage en toute s\u00e9curit\u00e9 R\u00e9frig\u00e9rateur de contr\u00f4le avec Micom<\/p>\n","protected":false},"featured_media":47755,"comment_status":"open","ping_status":"closed","template":"","meta":[],"product_cat":[149],"product_tag":[],"_links":{"self":[{"href":"https:\/\/shivaplus.com\/index.php\/wp-json\/wp\/v2\/product\/47754"}],"collection":[{"href":"https:\/\/shivaplus.com\/index.php\/wp-json\/wp\/v2\/product"}],"about":[{"href":"https:\/\/shivaplus.com\/index.php\/wp-json\/wp\/v2\/types\/product"}],"replies":[{"embeddable":true,"href":"https:\/\/shivaplus.com\/index.php\/wp-json\/wp\/v2\/comments?post=47754"}],"version-history":[{"count":2,"href":"https:\/\/shivaplus.com\/index.php\/wp-json\/wp\/v2\/product\/47754\/revisions"}],"predecessor-version":[{"id":47995,"href":"https:\/\/shivaplus.com\/index.php\/wp-json\/wp\/v2\/product\/47754\/revisions\/47995"}],"wp:featuredmedia":[{"embeddable":true,"href":"https:\/\/shivaplus.com\/index.php\/wp-json\/wp\/v2\/media\/47755"}],"wp:attachment":[{"href":"https:\/\/shivaplus.com\/index.php\/wp-json\/wp\/v2\/media?parent=47754"}],"wp:term":[{"taxonomy":"product_cat","embeddable":true,"href":"https:\/\/shivaplus.com\/index.php\/wp-json\/wp\/v2\/product_cat?post=47754"},{"taxonomy":"product_tag","embeddable":true,"href":"https:\/\/shivaplus.com\/index.php\/wp-json\/wp\/v2\/product_tag?post=47754"}],"curies":[{"name":"wp","href":"https:\/\/api.w.org\/{rel}","templated":true}]}}