{"id":47659,"date":"2023-08-29T14:12:03","date_gmt":"2023-08-29T12:12:03","guid":{"rendered":"https:\/\/shivaplus.com\/?post_type=product&#038;p=47659"},"modified":"2023-08-29T14:12:03","modified_gmt":"2023-08-29T12:12:03","slug":"tour-de-son-lg-mini-audio-rl3-multi-bluetooth-usb-aux-tuner-130-w-garantie-06-mois","status":"publish","type":"product","link":"https:\/\/shivaplus.com\/index.php\/produit\/tour-de-son-lg-mini-audio-rl3-multi-bluetooth-usb-aux-tuner-130-w-garantie-06-mois\/","title":{"rendered":"Tour de son LG &#8211; Mini audio &#8211; RL3 &#8211; Multi Bluetooth &#8211; USB \/ AUX \/ TUNER &#8211; 130 W &#8211; Garantie 06 mois"},"content":{"rendered":"<ul>\n<li><strong>Type de Produit<\/strong>\u00a0: Tour de son<\/li>\n<li><strong>Marque<\/strong>\u00a0: LG<\/li>\n<li><strong>Mod\u00e8le<\/strong>\u00a0: RL3<\/li>\n<li><strong>Puissance Frontale<\/strong>: 60W (30W x 2)<\/li>\n<li><strong>Puissance Subwoofer<\/strong>\u00a0 : 70W<\/li>\n<li><strong>Puissance Totale<\/strong>\u00a0: 130W<\/li>\n<li><strong>Connectivit\u00e9<\/strong>\u00a0: Bluetooth; USB; Entr\u00e9e optique; Entr\u00e9e AUX (3,5 mm); Antenne FM.<\/li>\n<li><strong>Consommation \u00e9lectrique\u00a0<\/strong>: 10 W<\/li>\n<li><strong>Taille (LxlxH)<\/strong>\u00a0: 235 x 962 x 250 mm<\/li>\n<li><strong>Poids<\/strong>\u00a0:8,73 Kg<\/li>\n<li><strong>Garantie :\u00a0<\/strong>06 mois<\/li>\n<\/ul>\n","protected":false},"excerpt":{"rendered":"<p>Type de Produit\u00a0: Tour de son Marque\u00a0: LG Mod\u00e8le\u00a0: RL3 Puissance Frontale: 60W (30W x 2) Puissance Subwoofer\u00a0 : 70W Puissance Totale\u00a0: 130W Connectivit\u00e9\u00a0: Bluetooth; USB; Entr\u00e9e optique; Entr\u00e9e AUX (3,5 mm); Antenne FM. Consommation \u00e9lectrique\u00a0: 10 W Taille (LxlxH)\u00a0: 235 x 962 x 250 mm Poids\u00a0:8,73 Kg Garantie :\u00a006 mois<\/p>\n","protected":false},"featured_media":47660,"comment_status":"open","ping_status":"closed","template":"","meta":[],"product_cat":[152,149],"product_tag":[],"_links":{"self":[{"href":"https:\/\/shivaplus.com\/index.php\/wp-json\/wp\/v2\/product\/47659"}],"collection":[{"href":"https:\/\/shivaplus.com\/index.php\/wp-json\/wp\/v2\/product"}],"about":[{"href":"https:\/\/shivaplus.com\/index.php\/wp-json\/wp\/v2\/types\/product"}],"replies":[{"embeddable":true,"href":"https:\/\/shivaplus.com\/index.php\/wp-json\/wp\/v2\/comments?post=47659"}],"version-history":[{"count":1,"href":"https:\/\/shivaplus.com\/index.php\/wp-json\/wp\/v2\/product\/47659\/revisions"}],"predecessor-version":[{"id":47663,"href":"https:\/\/shivaplus.com\/index.php\/wp-json\/wp\/v2\/product\/47659\/revisions\/47663"}],"wp:featuredmedia":[{"embeddable":true,"href":"https:\/\/shivaplus.com\/index.php\/wp-json\/wp\/v2\/media\/47660"}],"wp:attachment":[{"href":"https:\/\/shivaplus.com\/index.php\/wp-json\/wp\/v2\/media?parent=47659"}],"wp:term":[{"taxonomy":"product_cat","embeddable":true,"href":"https:\/\/shivaplus.com\/index.php\/wp-json\/wp\/v2\/product_cat?post=47659"},{"taxonomy":"product_tag","embeddable":true,"href":"https:\/\/shivaplus.com\/index.php\/wp-json\/wp\/v2\/product_tag?post=47659"}],"curies":[{"name":"wp","href":"https:\/\/api.w.org\/{rel}","templated":true}]}}