{"id":47605,"date":"2023-08-25T15:12:15","date_gmt":"2023-08-25T13:12:15","guid":{"rendered":"https:\/\/shivaplus.com\/?post_type=product&#038;p=47605"},"modified":"2023-08-25T15:12:15","modified_gmt":"2023-08-25T13:12:15","slug":"salon-complet-de-6-places-en-cuir","status":"publish","type":"product","link":"https:\/\/shivaplus.com\/index.php\/produit\/salon-complet-de-6-places-en-cuir\/","title":{"rendered":"Salon complet de 6 places en cuir"},"content":{"rendered":"<p>Rehaussez votre int\u00e9rieur avec cet\u00a0<strong>ensemble canap\u00e9s et fauteuil glamour en cuir<\/strong>. Avec un dossier et des accoudoirs touffet\u00e9s, une garniture clout\u00e9 et une structure en bois solide, ils s&rsquo;int\u00e8grent facilement dans tout salon ou bureau. Fabriqu\u00e9 \u00e0 partir de mat\u00e9riaux de haute qualit\u00e9, avec un rev\u00eatement en cuir, agr\u00e9able au touch\u00e9, ce\u00a0<strong>salon FDL 6 places<\/strong>\u00a0est un Must pour votre int\u00e9rieur.<\/p>\n","protected":false},"excerpt":{"rendered":"<p>Rehaussez votre int\u00e9rieur avec cet\u00a0ensemble canap\u00e9s et fauteuil glamour en cuir. Avec un dossier et des accoudoirs touffet\u00e9s, une garniture clout\u00e9 et une structure en bois solide, ils s&rsquo;int\u00e8grent facilement dans tout salon ou bureau. Fabriqu\u00e9 \u00e0 partir de mat\u00e9riaux de haute qualit\u00e9, avec un rev\u00eatement en cuir, agr\u00e9able au touch\u00e9, ce\u00a0salon FDL 6 places\u00a0est [&hellip;]<\/p>\n","protected":false},"featured_media":47606,"comment_status":"open","ping_status":"closed","template":"","meta":[],"product_cat":[158],"product_tag":[],"_links":{"self":[{"href":"https:\/\/shivaplus.com\/index.php\/wp-json\/wp\/v2\/product\/47605"}],"collection":[{"href":"https:\/\/shivaplus.com\/index.php\/wp-json\/wp\/v2\/product"}],"about":[{"href":"https:\/\/shivaplus.com\/index.php\/wp-json\/wp\/v2\/types\/product"}],"replies":[{"embeddable":true,"href":"https:\/\/shivaplus.com\/index.php\/wp-json\/wp\/v2\/comments?post=47605"}],"version-history":[{"count":1,"href":"https:\/\/shivaplus.com\/index.php\/wp-json\/wp\/v2\/product\/47605\/revisions"}],"predecessor-version":[{"id":47607,"href":"https:\/\/shivaplus.com\/index.php\/wp-json\/wp\/v2\/product\/47605\/revisions\/47607"}],"wp:featuredmedia":[{"embeddable":true,"href":"https:\/\/shivaplus.com\/index.php\/wp-json\/wp\/v2\/media\/47606"}],"wp:attachment":[{"href":"https:\/\/shivaplus.com\/index.php\/wp-json\/wp\/v2\/media?parent=47605"}],"wp:term":[{"taxonomy":"product_cat","embeddable":true,"href":"https:\/\/shivaplus.com\/index.php\/wp-json\/wp\/v2\/product_cat?post=47605"},{"taxonomy":"product_tag","embeddable":true,"href":"https:\/\/shivaplus.com\/index.php\/wp-json\/wp\/v2\/product_tag?post=47605"}],"curies":[{"name":"wp","href":"https:\/\/api.w.org\/{rel}","templated":true}]}}