{"id":47602,"date":"2023-08-25T15:06:25","date_gmt":"2023-08-25T13:06:25","guid":{"rendered":"https:\/\/shivaplus.com\/?post_type=product&#038;p=47602"},"modified":"2023-08-25T15:06:25","modified_gmt":"2023-08-25T13:06:25","slug":"salon-en-cuir-7-places","status":"publish","type":"product","link":"https:\/\/shivaplus.com\/index.php\/produit\/salon-en-cuir-7-places\/","title":{"rendered":"Salon en cuir &#8211; 7 places"},"content":{"rendered":"<p>Laissez-vous s\u00e9duire par le design g\u00e9n\u00e9reux de cet ensemble salon en cuir. Les finitions \u00e9l\u00e9gantes des canap\u00e9s, soulign\u00e9es par des coutures harmonieuses, des pieds en bois et des t\u00eati\u00e8res relax, en feront une pi\u00e8ce de choix pour votre salon! Dot\u00e9 de\u00a0<strong>7 places<\/strong>, ce\u00a0<strong>salon en cuir\u00a0<\/strong>\u00a0est adapt\u00e9 pour des espaces spacieux. Il est\u00a0\u00a0<strong>constitu\u00e9 de 02 si\u00e8ges d&rsquo;une place, d&rsquo;un de\u00a0 Trois places et\u00a0 enfin d&rsquo;un si\u00e8ge de 02 places\u00a0<\/strong>n\u00e9cessaire pour emb\u00e9lir votre int\u00e9rieur et pour un confort et solidit\u00e9 tr\u00e8s assur\u00e9 gr\u00e2ce \u00e0 sa mousse\u00a0<strong>Ph7.<\/strong><\/p>\n","protected":false},"excerpt":{"rendered":"<p>Laissez-vous s\u00e9duire par le design g\u00e9n\u00e9reux de cet ensemble salon en cuir. Les finitions \u00e9l\u00e9gantes des canap\u00e9s, soulign\u00e9es par des coutures harmonieuses, des pieds en bois et des t\u00eati\u00e8res relax, en feront une pi\u00e8ce de choix pour votre salon! Dot\u00e9 de\u00a07 places, ce\u00a0salon en cuir\u00a0\u00a0est adapt\u00e9 pour des espaces spacieux. Il est\u00a0\u00a0constitu\u00e9 de 02 si\u00e8ges [&hellip;]<\/p>\n","protected":false},"featured_media":47603,"comment_status":"open","ping_status":"closed","template":"","meta":[],"product_cat":[158],"product_tag":[],"_links":{"self":[{"href":"https:\/\/shivaplus.com\/index.php\/wp-json\/wp\/v2\/product\/47602"}],"collection":[{"href":"https:\/\/shivaplus.com\/index.php\/wp-json\/wp\/v2\/product"}],"about":[{"href":"https:\/\/shivaplus.com\/index.php\/wp-json\/wp\/v2\/types\/product"}],"replies":[{"embeddable":true,"href":"https:\/\/shivaplus.com\/index.php\/wp-json\/wp\/v2\/comments?post=47602"}],"version-history":[{"count":1,"href":"https:\/\/shivaplus.com\/index.php\/wp-json\/wp\/v2\/product\/47602\/revisions"}],"predecessor-version":[{"id":47604,"href":"https:\/\/shivaplus.com\/index.php\/wp-json\/wp\/v2\/product\/47602\/revisions\/47604"}],"wp:featuredmedia":[{"embeddable":true,"href":"https:\/\/shivaplus.com\/index.php\/wp-json\/wp\/v2\/media\/47603"}],"wp:attachment":[{"href":"https:\/\/shivaplus.com\/index.php\/wp-json\/wp\/v2\/media?parent=47602"}],"wp:term":[{"taxonomy":"product_cat","embeddable":true,"href":"https:\/\/shivaplus.com\/index.php\/wp-json\/wp\/v2\/product_cat?post=47602"},{"taxonomy":"product_tag","embeddable":true,"href":"https:\/\/shivaplus.com\/index.php\/wp-json\/wp\/v2\/product_tag?post=47602"}],"curies":[{"name":"wp","href":"https:\/\/api.w.org\/{rel}","templated":true}]}}