{"id":47548,"date":"2023-08-23T16:12:36","date_gmt":"2023-08-23T14:12:36","guid":{"rendered":"https:\/\/shivaplus.com\/?post_type=product&#038;p=47548"},"modified":"2023-08-23T16:12:36","modified_gmt":"2023-08-23T14:12:36","slug":"costway-3-2-quart-friteuse-electrique-1700w-minuterie-en-acier-inoxydable-panier-de-friture","status":"publish","type":"product","link":"https:\/\/shivaplus.com\/index.php\/produit\/costway-3-2-quart-friteuse-electrique-1700w-minuterie-en-acier-inoxydable-panier-de-friture\/","title":{"rendered":"Costway 3.2 Quart Friteuse \u00e9lectrique 1700W Minuterie en acier inoxydable Panier de friture"},"content":{"rendered":"<p>Si vous \u00eates \u00e0 la recherche d\u2019une friteuse qui peut cuisiner pour toute votre famille. Ensuite, notre friteuse, qui peut faire 12 tasses de nourriture, est faite pour vous.<br \/>\nDot\u00e9e d\u2019un r\u00e9cipient d\u2019huile de 3,2 litres avec un niveau d\u2019huile maximal et minimal et un \u00e9l\u00e9ment chauffant haute performance de 1700 W, notre friteuse peut faire frire les aliments rapidement et atteindre le croustillant parfait. En outre, il a une temp\u00e9rature r\u00e9glable, de 302 degr\u00e9s F \u00e0 374 degr\u00e9s Fand minuterie de 60 minutes afin que vous puissiez r\u00e9gler la temp\u00e9rature et l\u2019heure en fonction de vos besoins r\u00e9els. Le couvercle avec fen\u00eatre de vue emp\u00eache non seulement les \u00e9claboussures d\u2019huile chaude, mais vous permet \u00e9galement de garder un \u0153il sur le processus de friture. Les coussinets antid\u00e9rapants en bas augmentent la stabilit\u00e9. Les conceptions d\u2019\u00e9l\u00e9ment chauffant amovible, d\u2019int\u00e9rieur antiadh\u00e9sif enduit d\u2019\u00e9mail, de panier \u00e0 frites avec crochet et coin rond le rendent facile \u00e0 nettoyer. Les poign\u00e9es tactiles anti-br\u00fblures le rendent facile \u00e0 tenir. Il convient de mentionner qu\u2019il est certifi\u00e9 par UL.<br \/>\nLaissez notre friteuse faire des frites, des rondelles d\u2019oignon, du poulet cuit et d\u2019autres aliments cuits pour votre ami et votre famille.<\/p>\n","protected":false},"excerpt":{"rendered":"<p>Si vous \u00eates \u00e0 la recherche d\u2019une friteuse qui peut cuisiner pour toute votre famille. Ensuite, notre friteuse, qui peut faire 12 tasses de nourriture, est faite pour vous. Dot\u00e9e d\u2019un r\u00e9cipient d\u2019huile de 3,2 litres avec un niveau d\u2019huile maximal et minimal et un \u00e9l\u00e9ment chauffant haute performance de 1700 W, notre friteuse peut [&hellip;]<\/p>\n","protected":false},"featured_media":47549,"comment_status":"open","ping_status":"closed","template":"","meta":[],"product_cat":[155],"product_tag":[],"_links":{"self":[{"href":"https:\/\/shivaplus.com\/index.php\/wp-json\/wp\/v2\/product\/47548"}],"collection":[{"href":"https:\/\/shivaplus.com\/index.php\/wp-json\/wp\/v2\/product"}],"about":[{"href":"https:\/\/shivaplus.com\/index.php\/wp-json\/wp\/v2\/types\/product"}],"replies":[{"embeddable":true,"href":"https:\/\/shivaplus.com\/index.php\/wp-json\/wp\/v2\/comments?post=47548"}],"version-history":[{"count":1,"href":"https:\/\/shivaplus.com\/index.php\/wp-json\/wp\/v2\/product\/47548\/revisions"}],"predecessor-version":[{"id":47551,"href":"https:\/\/shivaplus.com\/index.php\/wp-json\/wp\/v2\/product\/47548\/revisions\/47551"}],"wp:featuredmedia":[{"embeddable":true,"href":"https:\/\/shivaplus.com\/index.php\/wp-json\/wp\/v2\/media\/47549"}],"wp:attachment":[{"href":"https:\/\/shivaplus.com\/index.php\/wp-json\/wp\/v2\/media?parent=47548"}],"wp:term":[{"taxonomy":"product_cat","embeddable":true,"href":"https:\/\/shivaplus.com\/index.php\/wp-json\/wp\/v2\/product_cat?post=47548"},{"taxonomy":"product_tag","embeddable":true,"href":"https:\/\/shivaplus.com\/index.php\/wp-json\/wp\/v2\/product_tag?post=47548"}],"curies":[{"name":"wp","href":"https:\/\/api.w.org\/{rel}","templated":true}]}}