{"id":47526,"date":"2023-08-23T12:42:19","date_gmt":"2023-08-23T10:42:19","guid":{"rendered":"https:\/\/shivaplus.com\/?post_type=product&#038;p=47526"},"modified":"2023-08-23T12:42:19","modified_gmt":"2023-08-23T10:42:19","slug":"rail-a-linge-portable-avec-housse-de-protection-et-support","status":"publish","type":"product","link":"https:\/\/shivaplus.com\/index.php\/produit\/rail-a-linge-portable-avec-housse-de-protection-et-support\/","title":{"rendered":"Rail \u00e0 linge portable avec housse de protection et support"},"content":{"rendered":"<p>Armoire en tissu \u00e0 construire 2 corps<br \/>\n5 \u00e9tag\u00e8res et 1 porte-manteau<br \/>\nStructure m\u00e9tallique Tissu doublure Toile<br \/>\nsculpt\u00e9e<\/p>\n","protected":false},"excerpt":{"rendered":"<p>Armoire en tissu \u00e0 construire 2 corps 5 \u00e9tag\u00e8res et 1 porte-manteau Structure m\u00e9tallique Tissu doublure Toile sculpt\u00e9e<\/p>\n","protected":false},"featured_media":47527,"comment_status":"open","ping_status":"closed","template":"","meta":[],"product_cat":[149],"product_tag":[],"_links":{"self":[{"href":"https:\/\/shivaplus.com\/index.php\/wp-json\/wp\/v2\/product\/47526"}],"collection":[{"href":"https:\/\/shivaplus.com\/index.php\/wp-json\/wp\/v2\/product"}],"about":[{"href":"https:\/\/shivaplus.com\/index.php\/wp-json\/wp\/v2\/types\/product"}],"replies":[{"embeddable":true,"href":"https:\/\/shivaplus.com\/index.php\/wp-json\/wp\/v2\/comments?post=47526"}],"version-history":[{"count":1,"href":"https:\/\/shivaplus.com\/index.php\/wp-json\/wp\/v2\/product\/47526\/revisions"}],"predecessor-version":[{"id":47528,"href":"https:\/\/shivaplus.com\/index.php\/wp-json\/wp\/v2\/product\/47526\/revisions\/47528"}],"wp:featuredmedia":[{"embeddable":true,"href":"https:\/\/shivaplus.com\/index.php\/wp-json\/wp\/v2\/media\/47527"}],"wp:attachment":[{"href":"https:\/\/shivaplus.com\/index.php\/wp-json\/wp\/v2\/media?parent=47526"}],"wp:term":[{"taxonomy":"product_cat","embeddable":true,"href":"https:\/\/shivaplus.com\/index.php\/wp-json\/wp\/v2\/product_cat?post=47526"},{"taxonomy":"product_tag","embeddable":true,"href":"https:\/\/shivaplus.com\/index.php\/wp-json\/wp\/v2\/product_tag?post=47526"}],"curies":[{"name":"wp","href":"https:\/\/api.w.org\/{rel}","templated":true}]}}