{"id":47522,"date":"2023-08-21T17:05:35","date_gmt":"2023-08-21T15:05:35","guid":{"rendered":"https:\/\/shivaplus.com\/?post_type=product&#038;p=47522"},"modified":"2023-08-21T17:05:35","modified_gmt":"2023-08-21T15:05:35","slug":"varese-salon-32-100-cuir-buffle-premium","status":"publish","type":"product","link":"https:\/\/shivaplus.com\/index.php\/produit\/varese-salon-32-100-cuir-buffle-premium\/","title":{"rendered":"VARESE SALON 3+2 100% CUIR BUFFLE PREMIUM"},"content":{"rendered":"<ul>\n<li><strong>Coussins d\u2019assises :\u00a0<\/strong><strong>Mousse de Polyur\u00e9thane expans\u00e9e HR ind\u00e9formable\u00a0<b>30kg\/m\u00b3 enrob\u00e9e de fibres polyester<\/b><\/strong><\/li>\n<li><b><strong>Coussins dossiers :\u00a0<\/strong><\/b><strong>Mousse de Polyur\u00e9thane expans\u00e9e HR ind\u00e9formable\u00a0<b>22kg\/m\u00b3 enrob\u00e9e de fibres polyester<\/b><\/strong><\/li>\n<li><b><strong>Accoudoirs :\u00a0<\/strong><strong>Mousse de Polyur\u00e9thane ind\u00e9formable 18kg\/m\u00b3\u00a0<\/strong><\/b><\/li>\n<li><b><strong>Suspensions :\u00a0<\/strong><strong>Sangles latex \u00e9lastiques entrecrois\u00e9es \u00ab\u00a0haute r\u00e9sistance\u00a0\u00bb<\/strong><\/b><\/li>\n<li><b><strong>Structure :\u00a0<\/strong><strong>Portante en sapin, unis par des \u00e9l\u00e9ments en panneaux de particules et renforc\u00e9e par des panneaux lat\u00e9raux de contreplaqu\u00e9.\u00a0<\/strong><\/b><\/li>\n<\/ul>\n","protected":false},"excerpt":{"rendered":"<p>Coussins d\u2019assises :\u00a0Mousse de Polyur\u00e9thane expans\u00e9e HR ind\u00e9formable\u00a030kg\/m\u00b3 enrob\u00e9e de fibres polyester Coussins dossiers :\u00a0Mousse de Polyur\u00e9thane expans\u00e9e HR ind\u00e9formable\u00a022kg\/m\u00b3 enrob\u00e9e de fibres polyester Accoudoirs :\u00a0Mousse de Polyur\u00e9thane ind\u00e9formable 18kg\/m\u00b3\u00a0 Suspensions :\u00a0Sangles latex \u00e9lastiques entrecrois\u00e9es \u00ab\u00a0haute r\u00e9sistance\u00a0\u00bb Structure :\u00a0Portante en sapin, unis par des \u00e9l\u00e9ments en panneaux de particules et renforc\u00e9e par des panneaux lat\u00e9raux [&hellip;]<\/p>\n","protected":false},"featured_media":47523,"comment_status":"open","ping_status":"closed","template":"","meta":[],"product_cat":[154,158],"product_tag":[],"_links":{"self":[{"href":"https:\/\/shivaplus.com\/index.php\/wp-json\/wp\/v2\/product\/47522"}],"collection":[{"href":"https:\/\/shivaplus.com\/index.php\/wp-json\/wp\/v2\/product"}],"about":[{"href":"https:\/\/shivaplus.com\/index.php\/wp-json\/wp\/v2\/types\/product"}],"replies":[{"embeddable":true,"href":"https:\/\/shivaplus.com\/index.php\/wp-json\/wp\/v2\/comments?post=47522"}],"version-history":[{"count":1,"href":"https:\/\/shivaplus.com\/index.php\/wp-json\/wp\/v2\/product\/47522\/revisions"}],"predecessor-version":[{"id":47524,"href":"https:\/\/shivaplus.com\/index.php\/wp-json\/wp\/v2\/product\/47522\/revisions\/47524"}],"wp:featuredmedia":[{"embeddable":true,"href":"https:\/\/shivaplus.com\/index.php\/wp-json\/wp\/v2\/media\/47523"}],"wp:attachment":[{"href":"https:\/\/shivaplus.com\/index.php\/wp-json\/wp\/v2\/media?parent=47522"}],"wp:term":[{"taxonomy":"product_cat","embeddable":true,"href":"https:\/\/shivaplus.com\/index.php\/wp-json\/wp\/v2\/product_cat?post=47522"},{"taxonomy":"product_tag","embeddable":true,"href":"https:\/\/shivaplus.com\/index.php\/wp-json\/wp\/v2\/product_tag?post=47522"}],"curies":[{"name":"wp","href":"https:\/\/api.w.org\/{rel}","templated":true}]}}