{"id":47486,"date":"2023-08-21T13:50:34","date_gmt":"2023-08-21T11:50:34","guid":{"rendered":"https:\/\/shivaplus.com\/?post_type=product&#038;p=47486"},"modified":"2023-11-01T14:14:34","modified_gmt":"2023-11-01T13:14:34","slug":"384l-refrigerateur-vertical-linearcooling-en-couleur-blanche","status":"publish","type":"product","link":"https:\/\/shivaplus.com\/index.php\/produit\/384l-refrigerateur-vertical-linearcooling-en-couleur-blanche\/","title":{"rendered":"384L R\u00e9frig\u00e9rateur vertical, LG en couleur blanche"},"content":{"rendered":"<div class=\"product attribute overview\">\n<div class=\"value overview-content\">\n<ul class=\"feature-list\">\n<li>Gardez les aliments frais plus longtemps avec LINEARCooling\u2122 &amp; DoorCooling+ \u2122<\/li>\n<li>Fonction de fra\u00eecheur suppl\u00e9mentaire &#8211; Moist Balance Crisper\u2122<\/li>\n<li>386L grande capacit\u00e9<\/li>\n<li>Conception parfaitement ajust\u00e9e pour votre cuisine<\/li>\n<li>\u00c9conome en \u00e9nergie et durable avec le compresseur Smart Inverter\u2122<\/li>\n<\/ul>\n<\/div>\n<\/div>\n<div class=\"product-info-price\"><\/div>\n<div class=\"product-add-form\">\n<form id=\"product_addtocart_form\" action=\"https:\/\/www.lge360.com\/iraq_en\/checkout\/cart\/add\/uenc\/aHR0cHM6Ly93d3cubGdlMzYwLmNvbS9pcmFxX2VuL2xnLWdjLWY1MTFlcWRtLmh0bWw%2C\/product\/344\/\" method=\"post\" novalidate=\"novalidate\" data-product-sku=\"GC-F511EQDM\">\n<div class=\"box-tocart\">\n<div class=\"fieldset\">\n<div class=\"actions\"><\/div>\n<\/div>\n<\/div>\n<\/form>\n<\/div>\n","protected":false},"excerpt":{"rendered":"<p>Gardez les aliments frais plus longtemps avec LINEARCooling\u2122 &amp; DoorCooling+ \u2122 Fonction de fra\u00eecheur suppl\u00e9mentaire &#8211; Moist Balance Crisper\u2122 386L grande capacit\u00e9 Conception parfaitement ajust\u00e9e pour votre cuisine \u00c9conome en \u00e9nergie et durable avec le compresseur Smart Inverter\u2122<\/p>\n","protected":false},"featured_media":47487,"comment_status":"open","ping_status":"closed","template":"","meta":[],"product_cat":[149],"product_tag":[],"_links":{"self":[{"href":"https:\/\/shivaplus.com\/index.php\/wp-json\/wp\/v2\/product\/47486"}],"collection":[{"href":"https:\/\/shivaplus.com\/index.php\/wp-json\/wp\/v2\/product"}],"about":[{"href":"https:\/\/shivaplus.com\/index.php\/wp-json\/wp\/v2\/types\/product"}],"replies":[{"embeddable":true,"href":"https:\/\/shivaplus.com\/index.php\/wp-json\/wp\/v2\/comments?post=47486"}],"version-history":[{"count":2,"href":"https:\/\/shivaplus.com\/index.php\/wp-json\/wp\/v2\/product\/47486\/revisions"}],"predecessor-version":[{"id":47989,"href":"https:\/\/shivaplus.com\/index.php\/wp-json\/wp\/v2\/product\/47486\/revisions\/47989"}],"wp:featuredmedia":[{"embeddable":true,"href":"https:\/\/shivaplus.com\/index.php\/wp-json\/wp\/v2\/media\/47487"}],"wp:attachment":[{"href":"https:\/\/shivaplus.com\/index.php\/wp-json\/wp\/v2\/media?parent=47486"}],"wp:term":[{"taxonomy":"product_cat","embeddable":true,"href":"https:\/\/shivaplus.com\/index.php\/wp-json\/wp\/v2\/product_cat?post=47486"},{"taxonomy":"product_tag","embeddable":true,"href":"https:\/\/shivaplus.com\/index.php\/wp-json\/wp\/v2\/product_tag?post=47486"}],"curies":[{"name":"wp","href":"https:\/\/api.w.org\/{rel}","templated":true}]}}