{"id":47466,"date":"2023-08-21T12:24:09","date_gmt":"2023-08-21T10:24:09","guid":{"rendered":"https:\/\/shivaplus.com\/?post_type=product&#038;p=47466"},"modified":"2025-11-07T02:33:56","modified_gmt":"2025-11-07T01:33:56","slug":"lg-50uq70006lb-50-led-ultrahd-4k-hdr10-pro","status":"publish","type":"product","link":"https:\/\/shivaplus.com\/index.php\/produit\/lg-50uq70006lb-50-led-ultrahd-4k-hdr10-pro\/","title":{"rendered":"LG 50UQ70006LB 50 \u00bb LED UltraHD 4K HDR10 Pro"},"content":{"rendered":"<p><strong>Smart TV facile, intuitive et avec l\u2019intelligence artificielle.\u00a0<\/strong>Les t\u00e9l\u00e9viseurs UHD LG am\u00e9liorent votre exp\u00e9rience audiovisuelle. Profitez de couleurs vives et de plus de d\u00e9tails en 4K.<\/p>\n<p><strong>Ajustement parfait avec votre maison.\u00a0<\/strong>Les t\u00e9l\u00e9viseurs UHD de LG pr\u00e9sentent maintenant un design plus mince pour s\u2019int\u00e9grer parfaitement dans votre maison.<\/p>\n<p><strong>Am\u00e9liorez votre exp\u00e9rience visuelle.\u00a0<\/strong>Le processeur intelligent ?5 Gen 5 agit sur l\u2019image pour l\u2019am\u00e9liorer, obtenant une pr\u00e9cision sup\u00e9rieure des tons et des couleurs en agissant sur 576 zones ind\u00e9pendantes de chaque image.<br \/>\nEn outre, il identifie le mouvement des objets \u00e0 l\u2019\u00e9chelle et simule un son surround 5.1 canaux.<\/p>\n<p><strong>Redimensionne le contenu en 4K.\u00a0<\/strong>Avec les t\u00e9l\u00e9viseurs LG UHD, vous pouvez regarder du contenu 4K non natif en 4K. Profitez d\u2019une plus grande clart\u00e9 et pr\u00e9cision.<\/p>\n<p><strong>\u00c9cosyst\u00e8me ouvert et intelligent.\u00a0<\/strong>Les t\u00e9l\u00e9viseurs LG UHD ont WebOS22, plus facile, intuitif et s\u00e9curis\u00e9, qui vous permet de cr\u00e9er des profils par utilisateur et de profiter uniquement du contenu que vous choisissez.<\/p>\n<p><strong>La premi\u00e8re SmartTV avec intelligence artificielle.\u00a0<\/strong>La compatibilit\u00e9 des t\u00e9l\u00e9viseurs UHD LG avec Google Assistant, Alexa d\u2019Amazon, Apple AirPlay et HomeKit, entre autres, rend le contr\u00f4le du t\u00e9l\u00e9viseur et des appareils qui y sont connect\u00e9s rapide et facile.<\/p>\n<p><strong>HDR10 Pro.\u00a0<\/strong>La technologie HDR10 Pro de LG ajuste automatiquement la luminosit\u00e9 de l\u2019\u00e9cran et intensifie le contenu HDR normal pour r\u00e9v\u00e9ler plus de d\u00e9tails et de clart\u00e9 dans chaque image.<\/p>\n<p><strong>Fonctions de jeu.\u00a0<\/strong>Sur les t\u00e9l\u00e9viseurs LG UHD, la latence est inf\u00e9rieure \u00e0 19 ms. De plus, ils ont un menu de jeu exclusif afin que vous ayez tous les param\u00e8tres \u00e0 port\u00e9e de main.<\/p>\n<p><strong>Jeux en nuage.\u00a0<\/strong>Acc\u00e9dez \u00e0 une grande vari\u00e9t\u00e9 de jeux gr\u00e2ce \u00e0 la compatibilit\u00e9 de l\u2019UHD avec Google Stadia et Geforce Maintenant, sans avoir de PC ou de console, vous n\u2019avez besoin que d\u2019une manette compatible.<\/p>\n<h2>Caract\u00e9ristiques:<\/h2>\n<ul>\n<li>Smart TV facile, intuitive et avec l\u2019intelligence artificielle<\/li>\n<li>Exp\u00e9rience audiovisuelle: prend en charge les formats HDR10 Pro \/ HDR HLG \/ HDR HGiG<\/li>\n<li>Processeur haute puissance 4K a5 Gen 5: Grande pr\u00e9cision des tons et des couleurs, agissant sur 576 zones de chaque cadre \/ LED directe. Identifie le mouvement des objets \u00e0 l\u2019\u00e9chelle et simule un son surround 5.1 canaux\u00a0\u00bb)<\/li>\n<li>\u00c9cosyst\u00e8me ouvert et intelligent (ThinQ): Smart TV webOS22 \/ Compatible avec Apple Home Kit, Google, Alexa \/ N\u00e9cessite Magic Remote FACULTATIF.<\/li>\n<li>Caract\u00e9ristiques de jeu: Cloud Gaming (Stadia &amp; GeForce) \/ Menu de jeu exclusif \/ ALLM (faible latence &lt;19ms) \/ HGiG<\/li>\n<li>T\u00e9l\u00e9commande magique EN OPTION<\/li>\n<\/ul>\n<h2>Sp\u00e9cifications:<\/h2>\n<ul>\n<li>Cat\u00e9gorie 4K UHD, SmartTV WebOS 22, Processeur intelligent ?5 Gen5 AI Processeur 4K, &#8211;<\/li>\n<li>50 pouces<\/li>\n<li>126 cm<\/li>\n<li>R\u00e9solution UHD 4K<\/li>\n<li>R\u00e9solution pixels 3840 * 2160<\/li>\n<li>Panneau 4K UHD<\/li>\n<li>T\u00e9l\u00e9viseur intelligent<\/li>\n<li>Actualisation de l\u2019\u00e9cran 50\/60Hz<\/li>\n<li>SmartTV SmartTV<\/li>\n<li>Syst\u00e8me AI SmartTV WebOS 22<\/li>\n<li>Assistant Google Assistant Google int\u00e9gr\u00e9<\/li>\n<li>Assistant ALEXA ALEXA int\u00e9gr\u00e9 Assistant ALEXA int\u00e9gr\u00e9<\/li>\n<li>Fonctionne avec Apple Home Kit Fonctionne avec Apple Home Kit<\/li>\n<li>Contr\u00f4le vocal Commande vocale OPTIONNELLE (n\u00e9cessite Magic Remote)<\/li>\n<li>Magic Remote Magic Remote OPTIONNEL<\/li>\n<li>Partage d\u2019\u00e9cran Apple (Airplay2) Airplay 2<\/li>\n<li>Navigateur Web Navigateur gratuit<\/li>\n<li>Partage d\u2019\u00e9cran Miracast<\/li>\n<li>WiFi WiFi (802.11ac)<\/li>\n<li>Image<\/li>\n<li>Bluetooth Bluetooth (V5.0)<\/li>\n<li>Processeur intelligent ?5 Gen5 AI Processeur 4K<\/li>\n<li>Dynamic Tone Mapping Dynamic Tone Mapping<\/li>\n<li>Zones d\u2019image analys\u00e9es Analyse 576 zones de chaque image<\/li>\n<li>Nombre de points\/blocs gradu\u00e9s<\/li>\n<li>LED directe<\/li>\n<li>Formats HDR<\/li>\n<li>HDR 10 Pro, HLG<\/li>\n<li>FILMAKER Mode<\/li>\n<li>Mode r\u00e9alisateur (CIN\u00c9ASTE)<\/li>\n<li>Son<\/li>\n<li>Grimpeur<\/li>\n<li>Mise \u00e0 l\u2019\u00e9chelle 4K<\/li>\n<li>Puissance\/woofer 20W (10W par canal)<\/li>\n<li>Canaux 2.0ch<\/li>\n<li>Son sp\u00e9cial<\/li>\n<li>Son Dolby Digital<\/li>\n<li>Son IA<\/li>\n<li>AI Sound (Virtual Sound 5.1 Up-mix)<\/li>\n<li>Jeu<\/li>\n<li>Stades de jeu en nuage \/ Stades de jeu en nuage GeForce \/ GeForce<\/li>\n<li>ALLM ALLM (Mode Auto Low Latency)<\/li>\n<li>Connectivit\u00e9<\/li>\n<li>HDR GiG<\/li>\n<li>HDR HGiG<\/li>\n<li>Antenne Sint. Terre\/Satellite\/C\u00e2ble DVB-T2\/S2\/C<\/li>\n<li>HDMI 3XHDMI 2.0<\/li>\n<li>USB 1xUSB 2.0<\/li>\n<li>Sortie optique<\/li>\n<li>Concevoir<\/li>\n<li>Enregistreur USB<\/li>\n<li>Enregistrement d\u2019antenne USB (n\u00e9cessite un disque dur de 80 Go \u00e0 2 To)<\/li>\n<li>Couleur avant Noir<\/li>\n<li>Couleur arri\u00e8re Noir<\/li>\n<li>Taille<\/li>\n<li>Cadre monobloc Marco Slim<\/li>\n<li>Base 2 pieds<\/li>\n<li>Dimensions sans support \/ VESA 1122x653x89.9mm. 9.5Kg. VESA: 300&#215;300<\/li>\n<li>Dimensions avec support 1122x718x273mm. 9,7 kg.<\/li>\n<li>Mesures Pi\u00e9destal \/ Distance entre les jambes 905 X 273mm<\/li>\n<li>Dimensions sans support 1250x760x144mm. 12,5 kg.<\/li>\n<\/ul>\n","protected":false},"excerpt":{"rendered":"<p>Smart TV facile, intuitive et avec l\u2019intelligence artificielle.\u00a0Les t\u00e9l\u00e9viseurs UHD LG am\u00e9liorent votre exp\u00e9rience audiovisuelle. Profitez de couleurs vives et de plus de d\u00e9tails en 4K. Ajustement parfait avec votre maison.\u00a0Les t\u00e9l\u00e9viseurs UHD de LG pr\u00e9sentent maintenant un design plus mince pour s\u2019int\u00e9grer parfaitement dans votre maison. Am\u00e9liorez votre exp\u00e9rience visuelle.\u00a0Le processeur intelligent ?5 Gen [&hellip;]<\/p>\n","protected":false},"featured_media":47467,"comment_status":"open","ping_status":"closed","template":"","meta":[],"product_cat":[153],"product_tag":[],"_links":{"self":[{"href":"https:\/\/shivaplus.com\/index.php\/wp-json\/wp\/v2\/product\/47466"}],"collection":[{"href":"https:\/\/shivaplus.com\/index.php\/wp-json\/wp\/v2\/product"}],"about":[{"href":"https:\/\/shivaplus.com\/index.php\/wp-json\/wp\/v2\/types\/product"}],"replies":[{"embeddable":true,"href":"https:\/\/shivaplus.com\/index.php\/wp-json\/wp\/v2\/comments?post=47466"}],"version-history":[{"count":1,"href":"https:\/\/shivaplus.com\/index.php\/wp-json\/wp\/v2\/product\/47466\/revisions"}],"predecessor-version":[{"id":47470,"href":"https:\/\/shivaplus.com\/index.php\/wp-json\/wp\/v2\/product\/47466\/revisions\/47470"}],"wp:featuredmedia":[{"embeddable":true,"href":"https:\/\/shivaplus.com\/index.php\/wp-json\/wp\/v2\/media\/47467"}],"wp:attachment":[{"href":"https:\/\/shivaplus.com\/index.php\/wp-json\/wp\/v2\/media?parent=47466"}],"wp:term":[{"taxonomy":"product_cat","embeddable":true,"href":"https:\/\/shivaplus.com\/index.php\/wp-json\/wp\/v2\/product_cat?post=47466"},{"taxonomy":"product_tag","embeddable":true,"href":"https:\/\/shivaplus.com\/index.php\/wp-json\/wp\/v2\/product_tag?post=47466"}],"curies":[{"name":"wp","href":"https:\/\/api.w.org\/{rel}","templated":true}]}}