{"id":47369,"date":"2023-08-16T07:41:42","date_gmt":"2023-08-16T05:41:42","guid":{"rendered":"https:\/\/shivaplus.com\/?post_type=product&#038;p=47369"},"modified":"2023-08-16T07:41:42","modified_gmt":"2023-08-16T05:41:42","slug":"ventilateur-sur-pied-super-general-oscillation-reglable-en-hauteur-jusqua-140-cm","status":"publish","type":"product","link":"https:\/\/shivaplus.com\/index.php\/produit\/ventilateur-sur-pied-super-general-oscillation-reglable-en-hauteur-jusqua-140-cm\/","title":{"rendered":"Ventilateur sur pied Super General, Oscillation, r\u00e9glable en hauteur jusqu&rsquo;\u00e0 140 cm"},"content":{"rendered":"<p>Ventilateur sur pied Super General, Oscillation, r\u00e9glable en hauteur jusqu&rsquo;\u00e0 140 cm, 3 vitesses, blanc, \u00e9conomie d&rsquo;\u00e9nergie, 50W, SGSF-28-M, Garantie d&rsquo;un an<\/p>\n","protected":false},"excerpt":{"rendered":"<p>Ventilateur sur pied Super General, Oscillation, r\u00e9glable en hauteur jusqu&rsquo;\u00e0 140 cm, 3 vitesses, blanc, \u00e9conomie d&rsquo;\u00e9nergie, 50W, SGSF-28-M, Garantie d&rsquo;un an<\/p>\n","protected":false},"featured_media":47370,"comment_status":"open","ping_status":"closed","template":"","meta":[],"product_cat":[149],"product_tag":[],"_links":{"self":[{"href":"https:\/\/shivaplus.com\/index.php\/wp-json\/wp\/v2\/product\/47369"}],"collection":[{"href":"https:\/\/shivaplus.com\/index.php\/wp-json\/wp\/v2\/product"}],"about":[{"href":"https:\/\/shivaplus.com\/index.php\/wp-json\/wp\/v2\/types\/product"}],"replies":[{"embeddable":true,"href":"https:\/\/shivaplus.com\/index.php\/wp-json\/wp\/v2\/comments?post=47369"}],"version-history":[{"count":1,"href":"https:\/\/shivaplus.com\/index.php\/wp-json\/wp\/v2\/product\/47369\/revisions"}],"predecessor-version":[{"id":47371,"href":"https:\/\/shivaplus.com\/index.php\/wp-json\/wp\/v2\/product\/47369\/revisions\/47371"}],"wp:featuredmedia":[{"embeddable":true,"href":"https:\/\/shivaplus.com\/index.php\/wp-json\/wp\/v2\/media\/47370"}],"wp:attachment":[{"href":"https:\/\/shivaplus.com\/index.php\/wp-json\/wp\/v2\/media?parent=47369"}],"wp:term":[{"taxonomy":"product_cat","embeddable":true,"href":"https:\/\/shivaplus.com\/index.php\/wp-json\/wp\/v2\/product_cat?post=47369"},{"taxonomy":"product_tag","embeddable":true,"href":"https:\/\/shivaplus.com\/index.php\/wp-json\/wp\/v2\/product_tag?post=47369"}],"curies":[{"name":"wp","href":"https:\/\/api.w.org\/{rel}","templated":true}]}}