{"id":46981,"date":"2023-08-15T11:54:58","date_gmt":"2023-08-15T09:54:58","guid":{"rendered":"https:\/\/shivaplus.com\/?post_type=product&#038;p=46981"},"modified":"2023-08-15T19:16:39","modified_gmt":"2023-08-15T17:16:39","slug":"ensemble-table-et-chaises-avec-plateau-en-verre","status":"publish","type":"product","link":"https:\/\/shivaplus.com\/index.php\/produit\/ensemble-table-et-chaises-avec-plateau-en-verre\/","title":{"rendered":"Ensemble table et chaises avec plateau en verre"},"content":{"rendered":"<div id=\"featurebullets_feature_div\" class=\"celwidget\" data-feature-name=\"featurebullets\" data-csa-c-type=\"widget\" data-csa-c-content-id=\"featurebullets\" data-csa-c-slot-id=\"featurebullets_feature_div\" data-csa-c-asin=\"B07ZV8Z531\" data-csa-c-is-in-initial-active-row=\"false\" data-csa-c-id=\"5s0o19-j8lthq-sjpoq6-ntcxec\" data-cel-widget=\"featurebullets_feature_div\">\n<div id=\"feature-bullets\" class=\"a-section a-spacing-medium a-spacing-top-small\">\n<h1 class=\"a-size-base-plus a-text-bold\">\u00c0 propos de cet article<\/h1>\n<ul class=\"a-unordered-list a-vertical a-spacing-mini\">\n<li class=\"a-spacing-mini\"><span class=\"a-list-item\">Les chaises de salle \u00e0 manger sont rembourr\u00e9es en cuir PVC sur le si\u00e8ge et le dossier.<\/span><\/li>\n<li class=\"a-spacing-mini\"><span class=\"a-list-item\">Cet ensemble de salle \u00e0 manger combine qualit\u00e9 et style en un seul et servit, r\u00e9sistant \u00e0 la rouille est une id\u00e9e de simplicit\u00e9 et de vie contemporaine.<\/span><\/li>\n<li class=\"a-spacing-mini\"><span class=\"a-list-item\">Cet ensemble de cuisine comprend une table en verre tremp\u00e9 et 4 chaises en cuir PVC, ce qui le rend fantastique dans n&rsquo;importe quelle salle \u00e0 manger.<\/span><\/li>\n<li class=\"a-spacing-mini\"><span class=\"a-list-item\">Cet ensemble de chaise et de table a des illustrations et des descriptions simples. Chaque vis et broche ont son propre code et il est facile de comprendre la progression de l&rsquo;assemblage.<\/span><\/li>\n<li class=\"a-spacing-mini\"><span class=\"a-list-item\">Style moderne et \u00e9l\u00e9gant id\u00e9al pour diverses pi\u00e8ces. Proc\u00e9dure de connexion en fil de fer de haute qualit\u00e9 qui pourrait rendre cet ensemble de salle \u00e0 manger plus durable et solide.<\/span><\/li>\n<\/ul>\n<\/div>\n<\/div>\n<div id=\"provenanceCertifications_feature_div\" class=\"celwidget\" data-feature-name=\"provenanceCertifications\" data-csa-c-type=\"widget\" data-csa-c-content-id=\"provenanceCertifications\" data-csa-c-slot-id=\"provenanceCertifications_feature_div\" data-csa-c-asin=\"B07ZV8Z531\" data-csa-c-is-in-initial-active-row=\"false\" data-csa-c-id=\"fxy0h7-juimcp-j0vls-cavigb\" data-cel-widget=\"provenanceCertifications_feature_div\"><\/div>\n<div id=\"handmadeArtisanCard_feature_div\" class=\"celwidget\" data-feature-name=\"handmadeArtisanCard\" data-csa-c-type=\"widget\" data-csa-c-content-id=\"handmadeArtisanCard\" data-csa-c-slot-id=\"handmadeArtisanCard_feature_div\" data-csa-c-asin=\"B07ZV8Z531\" data-csa-c-is-in-initial-active-row=\"false\" data-csa-c-id=\"pomplr-9xy923-oxkyfi-di8y39\" data-cel-widget=\"handmadeArtisanCard_feature_div\"><\/div>\n<div id=\"customerReviewsAttribute_feature_div\" class=\"celwidget\" data-feature-name=\"customerReviewsAttribute\" data-csa-c-type=\"widget\" data-csa-c-content-id=\"customerReviewsAttribute\" data-csa-c-slot-id=\"customerReviewsAttribute_feature_div\" data-csa-c-asin=\"B07ZV8Z531\" data-csa-c-is-in-initial-active-row=\"false\" data-csa-c-id=\"8zxnql-wczq2y-cjjpjh-bt0vl\" data-cel-widget=\"customerReviewsAttribute_feature_div\"><\/div>\n<div id=\"globalStoreInfoBullets_feature_div\" class=\"celwidget\" data-feature-name=\"globalStoreInfoBullets\" data-csa-c-type=\"widget\" data-csa-c-content-id=\"globalStoreInfoBullets\" data-csa-c-slot-id=\"globalStoreInfoBullets_feature_div\" data-csa-c-asin=\"B07ZV8Z531\" data-csa-c-is-in-initial-active-row=\"false\" data-csa-c-id=\"465ozd-1lf66x-xrjp5n-o0b8ly\" data-cel-widget=\"globalStoreInfoBullets_feature_div\"><\/div>\n<div id=\"addOnItem_feature_div\" class=\"celwidget\" data-feature-name=\"addOnItem\" data-csa-c-type=\"widget\" data-csa-c-content-id=\"addOnItem\" data-csa-c-slot-id=\"addOnItem_feature_div\" data-csa-c-asin=\"B07ZV8Z531\" data-csa-c-is-in-initial-active-row=\"false\" data-csa-c-id=\"lp522p-s5eqkk-jo1k9n-cqk9b0\" data-cel-widget=\"addOnItem_feature_div\"><\/div>\n<div id=\"andonCord_feature_div\" class=\"celwidget\" data-feature-name=\"andonCord\" data-csa-c-type=\"widget\" data-csa-c-content-id=\"andonCord\" data-csa-c-slot-id=\"andonCord_feature_div\" data-csa-c-asin=\"B07ZV8Z531\" data-csa-c-is-in-initial-active-row=\"false\" data-csa-c-id=\"er8se6-4qafos-djiq51-cpegwp\" data-cel-widget=\"andonCord_feature_div\"><\/div>\n<div id=\"translationNotice_feature_div\" class=\"celwidget\" data-feature-name=\"translationNotice\" data-csa-c-type=\"widget\" data-csa-c-content-id=\"translationNotice\" data-csa-c-slot-id=\"translationNotice_feature_div\" data-csa-c-asin=\"B07ZV8Z531\" data-csa-c-is-in-initial-active-row=\"false\" data-csa-c-id=\"10xr5u-4trzwh-id66qp-1w9tbg\" data-cel-widget=\"translationNotice_feature_div\"><\/div>\n","protected":false},"excerpt":{"rendered":"<p>\u00c0 propos de cet article Les chaises de salle \u00e0 manger sont rembourr\u00e9es en cuir PVC sur le si\u00e8ge et le dossier. Cet ensemble de salle \u00e0 manger combine qualit\u00e9 et style en un seul et servit, r\u00e9sistant \u00e0 la rouille est une id\u00e9e de simplicit\u00e9 et de vie contemporaine. Cet ensemble de cuisine comprend [&hellip;]<\/p>\n","protected":false},"featured_media":46979,"comment_status":"open","ping_status":"closed","template":"","meta":[],"product_cat":[154,150],"product_tag":[157],"_links":{"self":[{"href":"https:\/\/shivaplus.com\/index.php\/wp-json\/wp\/v2\/product\/46981"}],"collection":[{"href":"https:\/\/shivaplus.com\/index.php\/wp-json\/wp\/v2\/product"}],"about":[{"href":"https:\/\/shivaplus.com\/index.php\/wp-json\/wp\/v2\/types\/product"}],"replies":[{"embeddable":true,"href":"https:\/\/shivaplus.com\/index.php\/wp-json\/wp\/v2\/comments?post=46981"}],"version-history":[{"count":1,"href":"https:\/\/shivaplus.com\/index.php\/wp-json\/wp\/v2\/product\/46981\/revisions"}],"predecessor-version":[{"id":46984,"href":"https:\/\/shivaplus.com\/index.php\/wp-json\/wp\/v2\/product\/46981\/revisions\/46984"}],"wp:featuredmedia":[{"embeddable":true,"href":"https:\/\/shivaplus.com\/index.php\/wp-json\/wp\/v2\/media\/46979"}],"wp:attachment":[{"href":"https:\/\/shivaplus.com\/index.php\/wp-json\/wp\/v2\/media?parent=46981"}],"wp:term":[{"taxonomy":"product_cat","embeddable":true,"href":"https:\/\/shivaplus.com\/index.php\/wp-json\/wp\/v2\/product_cat?post=46981"},{"taxonomy":"product_tag","embeddable":true,"href":"https:\/\/shivaplus.com\/index.php\/wp-json\/wp\/v2\/product_tag?post=46981"}],"curies":[{"name":"wp","href":"https:\/\/api.w.org\/{rel}","templated":true}]}}