{"id":46967,"date":"2023-08-15T09:28:44","date_gmt":"2023-08-15T07:28:44","guid":{"rendered":"https:\/\/shivaplus.com\/?post_type=product&#038;p=46967"},"modified":"2023-08-15T09:28:44","modified_gmt":"2023-08-15T07:28:44","slug":"refrigerateur-lg-rt40-twin-cooling-plus-321l-gris","status":"publish","type":"product","link":"https:\/\/shivaplus.com\/index.php\/produit\/refrigerateur-lg-rt40-twin-cooling-plus-321l-gris\/","title":{"rendered":"R\u00e9frig\u00e9rateur LG RT40 Twin Cooling Plus 321L Gris"},"content":{"rendered":"<p>Fra\u00eecheur Et Humidit\u00e9 Garanties Dans Tout Le R\u00e9frig\u00e9rateur Disponible Avec Le Meilleur Prix En CAMEROUN Seule la technologie Twin Cooling Plus\u2122 est capable de cr\u00e9er un environnement qui favorise la pr\u00e9servation des aliments frais dans le r\u00e9frig\u00e9rateur gr\u00e2ce \u00e0 un taux d\u2019humidit\u00e9 de 70%, contre 30% dans les r\u00e9frig\u00e9rateurs classiques avec cong\u00e9lateur en haut. Cette technologie conserve ainsi plus longtemps la fra\u00eecheur des aliments, sans les dess\u00e9cher.. Les Aliments Congel\u00e9s Conservent Leur Saveur Naturelle Et Sont Sans Odeur<\/p>\n","protected":false},"excerpt":{"rendered":"<p>Fra\u00eecheur Et Humidit\u00e9 Garanties Dans Tout Le R\u00e9frig\u00e9rateur Disponible Avec Le Meilleur Prix En CAMEROUN Seule la technologie Twin Cooling Plus\u2122 est capable de cr\u00e9er un environnement qui favorise la pr\u00e9servation des aliments frais dans le r\u00e9frig\u00e9rateur gr\u00e2ce \u00e0 un taux d\u2019humidit\u00e9 de 70%, contre 30% dans les r\u00e9frig\u00e9rateurs classiques avec cong\u00e9lateur en haut. Cette [&hellip;]<\/p>\n","protected":false},"featured_media":46968,"comment_status":"open","ping_status":"closed","template":"","meta":[],"product_cat":[155,152,150,149],"product_tag":[],"_links":{"self":[{"href":"https:\/\/shivaplus.com\/index.php\/wp-json\/wp\/v2\/product\/46967"}],"collection":[{"href":"https:\/\/shivaplus.com\/index.php\/wp-json\/wp\/v2\/product"}],"about":[{"href":"https:\/\/shivaplus.com\/index.php\/wp-json\/wp\/v2\/types\/product"}],"replies":[{"embeddable":true,"href":"https:\/\/shivaplus.com\/index.php\/wp-json\/wp\/v2\/comments?post=46967"}],"version-history":[{"count":1,"href":"https:\/\/shivaplus.com\/index.php\/wp-json\/wp\/v2\/product\/46967\/revisions"}],"predecessor-version":[{"id":46970,"href":"https:\/\/shivaplus.com\/index.php\/wp-json\/wp\/v2\/product\/46967\/revisions\/46970"}],"wp:featuredmedia":[{"embeddable":true,"href":"https:\/\/shivaplus.com\/index.php\/wp-json\/wp\/v2\/media\/46968"}],"wp:attachment":[{"href":"https:\/\/shivaplus.com\/index.php\/wp-json\/wp\/v2\/media?parent=46967"}],"wp:term":[{"taxonomy":"product_cat","embeddable":true,"href":"https:\/\/shivaplus.com\/index.php\/wp-json\/wp\/v2\/product_cat?post=46967"},{"taxonomy":"product_tag","embeddable":true,"href":"https:\/\/shivaplus.com\/index.php\/wp-json\/wp\/v2\/product_tag?post=46967"}],"curies":[{"name":"wp","href":"https:\/\/api.w.org\/{rel}","templated":true}]}}