{"id":46922,"date":"2023-08-15T08:13:53","date_gmt":"2023-08-15T06:13:53","guid":{"rendered":"https:\/\/shivaplus.com\/?post_type=product&#038;p=46922"},"modified":"2025-11-07T02:29:44","modified_gmt":"2025-11-07T01:29:44","slug":"hisense-televiseur-hd-32-serie-a5-32a5200f-noir","status":"publish","type":"product","link":"https:\/\/shivaplus.com\/index.php\/produit\/hisense-televiseur-hd-32-serie-a5-32a5200f-noir\/","title":{"rendered":"Hisense T\u00e9l\u00e9viseur HD 32&Prime; &#8211; SERIE A5 32A5200F &#8211; Noir"},"content":{"rendered":"<p><b>Le t\u00e9l\u00e9viseur Hisense HD 32<\/b>\u00a0\u00bb de la\u00a0<b>s\u00e9rie A5<\/b>\u00a0est un mod\u00e8le de t\u00e9l\u00e9viseur produit par Hisense, une entreprise sp\u00e9cialis\u00e9e dans les appareils \u00e9lectroniques grand public. Voici quelques informations g\u00e9n\u00e9rales sur le mod\u00e8le\u00a0<b>32A5200F<\/b>\u00a0:<br \/>\nTaille de l&rsquo;\u00e9cran :\u00a0<b>Le t\u00e9l\u00e9viseur Hisense A5 32A5200F<\/b>\u00a0a une taille d&rsquo;\u00e9cran de 32 pouces, ce qui est consid\u00e9r\u00e9 comme une taille d&rsquo;\u00e9cran compacte et adapt\u00e9e \u00e0 des espaces plus restreints, tels que des chambres \u00e0 coucher ou des cuisines.<br \/>\nR\u00e9solution HD : Le t\u00e9l\u00e9viseur offre une r\u00e9solution HD (High Definition), ce qui signifie qu&rsquo;il peut afficher des images avec une clart\u00e9 et une nettet\u00e9 am\u00e9lior\u00e9es par rapport aux t\u00e9l\u00e9viseurs standard.<\/p>\n","protected":false},"excerpt":{"rendered":"<p>Le t\u00e9l\u00e9viseur Hisense HD 32\u00a0\u00bb de la\u00a0s\u00e9rie A5\u00a0est un mod\u00e8le de t\u00e9l\u00e9viseur produit par Hisense, une entreprise sp\u00e9cialis\u00e9e dans les appareils \u00e9lectroniques grand public. Voici quelques informations g\u00e9n\u00e9rales sur le mod\u00e8le\u00a032A5200F\u00a0: Taille de l&rsquo;\u00e9cran :\u00a0Le t\u00e9l\u00e9viseur Hisense A5 32A5200F\u00a0a une taille d&rsquo;\u00e9cran de 32 pouces, ce qui est consid\u00e9r\u00e9 comme une taille d&rsquo;\u00e9cran compacte et [&hellip;]<\/p>\n","protected":false},"featured_media":46926,"comment_status":"open","ping_status":"closed","template":"","meta":[],"product_cat":[150,153],"product_tag":[],"_links":{"self":[{"href":"https:\/\/shivaplus.com\/index.php\/wp-json\/wp\/v2\/product\/46922"}],"collection":[{"href":"https:\/\/shivaplus.com\/index.php\/wp-json\/wp\/v2\/product"}],"about":[{"href":"https:\/\/shivaplus.com\/index.php\/wp-json\/wp\/v2\/types\/product"}],"replies":[{"embeddable":true,"href":"https:\/\/shivaplus.com\/index.php\/wp-json\/wp\/v2\/comments?post=46922"}],"version-history":[{"count":1,"href":"https:\/\/shivaplus.com\/index.php\/wp-json\/wp\/v2\/product\/46922\/revisions"}],"predecessor-version":[{"id":46924,"href":"https:\/\/shivaplus.com\/index.php\/wp-json\/wp\/v2\/product\/46922\/revisions\/46924"}],"wp:featuredmedia":[{"embeddable":true,"href":"https:\/\/shivaplus.com\/index.php\/wp-json\/wp\/v2\/media\/46926"}],"wp:attachment":[{"href":"https:\/\/shivaplus.com\/index.php\/wp-json\/wp\/v2\/media?parent=46922"}],"wp:term":[{"taxonomy":"product_cat","embeddable":true,"href":"https:\/\/shivaplus.com\/index.php\/wp-json\/wp\/v2\/product_cat?post=46922"},{"taxonomy":"product_tag","embeddable":true,"href":"https:\/\/shivaplus.com\/index.php\/wp-json\/wp\/v2\/product_tag?post=46922"}],"curies":[{"name":"wp","href":"https:\/\/api.w.org\/{rel}","templated":true}]}}